-2*u - r - r + 24 = d, -3*u = -5*r - 20. Let n be p(u). Determine f(n).
-5
Let x(s) = s - 2. Let t be x(6). Let p be t/(-10) + 27/5. Suppose -o = 2*y - p, -o = o - 2*y + 20. Let j(c) = -2*c - 7. Determine j(o).
3
Let q(z) be the second derivative of -z**8/6720 - z**7/840 - z**6/720 + z**5/60 + z**4/4 - 5*z. Let l(b) be the third derivative of q(b). Give l(-2).
0
Suppose 5*q - 4*q = 0. Let k(v) = -7*v - 19. Let p(s) = 3*s + 9. Let f(b) = 4*k(b) + 9*p(b). Give f(q).
5
Suppose 10 = 6*o - 5*o - 2*b, -3*b - 15 = -3*o. Let z(x) = 3 - x**3 - 2 + 0*x**3. Give z(o).
1
Let k(j) = -j + 7. Suppose 3*t = -0*t. Suppose 5*b + f - 6*f + 5 = 0, 3*f - 3 = t. Determine k(b).
7
Let a(i) = -9*i**2 - 12*i**2 - 14*i**2 + 33*i**2 + 1. Determine a(2).
-7
Let n(u) = 6*u - 1. Let b be n(1). Suppose -5*w + l - 7 = 0, -20 = 3*w + w + 4*l. Let x = w + b. Let i(h) = h**3 - 5*h**2 + 4*h - 1. Calculate i(x).
-7
Suppose 4*n = -m + 13 - 2, -n - 3*m = 11. Let t(v) = -2*v + 3. Give t(n).
-5
Let p(j) = 14*j - 26. Let t(o) = -5*o + 9. Let h(z) = -4*p(z) - 11*t(z). Let a be (12 - 2)*6/4. Suppose 5*b - a = -0*b. Calculate h(b).
2
Suppose v - 2*g + 6 = 4*v, -3*g = 5*v - 11. Let j(f) be the second derivative of -f**3/3 + 3*f**2/2 - 4*f. Determine j(v).
-5
Let z(a) = a**3 - 7*a**2 + 7*a - 7. Let m(l) = l + 3. Let y(w) = w**3 - 2*w - 1. Let b be y(2). Let r be m(b). Let h be z(r). Let x(c) = 5*c. Give x(h).
-5
Let q(p) = p**3 - 4*p**2 - 4*p + 1. Suppose -3*o + 0*o - 33 = 0. Let m = -18 - o. Let v = 12 + m. Calculate q(v).
6
Let p(h) = h**3 - 2*h + 2. Let s(r) = r + 3. Let u be s(-7). Let a = 6 + u. Suppose n + 0*n = a. What is p(n)?
6
Let v(q) = -15*q + 10. Let y(t) = 8*t - 5. Let a(i) = -3*v(i) - 5*y(i). Let z be a(2). Let n(k) = k + 2. Determine n(z).
7
Let p(w) = -w**3 + 0*w**3 + 4*w + 0*w**3 + 2*w**2. Suppose 0*x + 20 = 4*x. Suppose -q = -x*q + 12. What is p(q)?
3
Let y(x) = 5*x + 2 - 3*x + 2*x**2 + x**3 + 2*x + 0*x**3. Suppose -2*z + 1 = 5. What is y(z)?
-6
Let b(g) = -g**2 + 7*g - 1. Let z be (5/15 + 0)/((-1)/(-21)). Give b(z).
-1
Let q(v) be the second derivative of -v**5/20 + 5*v**4/12 - v**3/6 - v**2/2 - 9*v. Calculate q(5).
-6
Let o(p) = -7*p**2 - p + 3. Let g(m) = -3*m**2 + 1. Let s(d) = -5*g(d) + 2*o(d). What is s(1)?
0
Let t(a) = -8 - 4*a + a**2 + 3*a + 7. Let o(s) = -3*s**2 + 2*s - 1. Let j(v) = o(v) + 4*t(v). Calculate j(4).
3
Suppose 0 = -36*q + 28*q. Let s(a) be the second derivative of 1/20*a**5 + a + 1/6*a**3 + 0*a**2 + 1/12*a**4 + 0. Give s(q).
0
Let b(c) = 2*c**3 - 8 + c**3 + 6 + 4*c**2 - 2*c**3. Let s = 10 - 14. Calculate b(s).
-2
Let m be -1 + -1 - -1 - -2. Let b(v) = -4*v**3. What is b(m)?
-4
Let h be 49/7 + (-3)/1. Let n(q) be the first derivative of -7/2*q**2 - 1 - h*q - 1/3*q**3. Give n(-5).
6
Let d(w) be the second derivative of -2*w**3/3 - 3*w**2/2 + 3*w. Let j(c) = -c**2 - 19*c - 21. Let r be j(-18). Give d(r).
9
Let u(q) = -5*q**2 + 9*q - 4. Let g(w) = w**2 - 2*w + 1. Let z(l) = -9*g(l) - 2*u(l). Give z(1).
0
Let q = 2 - 1. Suppose -2*m - 5 = -w, -5*m - 5 = 2*w - 3*w. Let v(c) = q + m*c + c + 2. Determine v(-3).
0
Let a be 2/(-5)*50/(-5). Let b(h) = -4*h + h + h**2 - 2*h - h**3 + a*h. Let f(u) = u**2 - 4*u + 1. Let g be f(4). Determine b(g).
-1
Let f(m) = 3*m - 2*m + 3 - 3*m. What is f(5)?
-7
Let f(n) = -9*n**2 - 27*n - 12. Let p(t) = -5*t**2 - 14*t - 6. Let r(q) = -6*f(q) + 11*p(q). Give r(8).
6
Let g(o) = -o - 10. Let h(a) = -3*a - 9. Let k be h(-6). Let d = k + -16. Calculate g(d).
-3
Let y(x) = -4*x + 4 - 7*x**2 + 3*x + 6*x**2. Let b(t) = -2*t - 7. Let k be b(-5). Let n = 0 - k. Determine y(n).
-2
Suppose h + 2*v + 4 = 4*h, 2*h - 4*v = 16. Let m(i) = -8*i - 1. Let t(w) = -7*w - 1. Let b(l) = h*m(l) + 3*t(l). Let s = 1 + 0. Determine b(s).
-6
Let m(s) = -s**2 + s. Let p be (-3)/9 + (-42)/9. Let i = p + 5. What is m(i)?
0
Let d(x) = x**3 + 7*x**2 + 9*x. Suppose 2*w - 2 = 2*z, z + z + 5*w = -37. What is d(z)?
-18
Let k(c) = c**2 + 2*c - 5. Let s be k(-4). Let o(n) = -8*n + s*n + 9*n + n. Give o(1).
5
Let t(n) = -n**2 - 9*n - 7. Let v be t(-7). Let g = -12 + v. Let s(x) = x**3 + 5*x**2 - 6. Give s(g).
-6
Let c(m) = 2*m - 1. Let i(t) = t**3 + 4*t**2. Let p be i(-3). Suppose 2*r + 5 - p = 0. Let h be (0 + 6/(-4))*r. What is c(h)?
-7
Let w(v) = -v**2 + v + 2. Let c(j) = -j**2 + 7*j - 7. Let l = 11 + -6. Let d be c(l). Give w(d).
-4
Let q(a) = a**3 + 5*a**2 - 7*a - 6. Suppose -k - 2*k = 0. Let j be (-2)/4*k/2. Suppose j = -4*o + 5*h - 4, -h - h - 20 = 2*o. Calculate q(o).
0
Let v be 68/(-18) + (-4)/18. Let q(x) = x**2 - 4*x - 3. Suppose -s + 4*k + 15 = 2*s, -4*s + 16 = -4*k. Let j(f) = 1. Let m(c) = s*q(c) + v*j(c). Calculate m(6).
5
Let x(g) be the third derivative of -g**6/120 + g**5/15 + g**4/12 - g**3/6 - 15*g**2. Calculate x(4).
7
Let d be (-1 + 4)/(-3) + -27. Let k be (-22)/33 + d/(-6). Let z(l) = -l + 1. Let t(j) = j**3 - 3*j**2 - 7*j + 2. Let i(n) = -t(n) + 4*z(n). Calculate i(k).
-2
Suppose 2*d = -2*l - 16, l - 12 = -0*l + 4*d. Let j(f) = -f**2 - 5*f + 5. Determine j(l).
9
Suppose -4*h + 4 = 4*y - 8*h, 5*y + 3*h - 29 = 0. Let z(b) = 5*b**2 + 0*b - y*b**2 - 4*b + 8*b + 6. Give z(-4).
6
Suppose 0 = 4*g - 2 + 18. Let y be 6/(((-30)/g)/(-5)). Let n(x) be the first derivative of -x**3/3 - 2*x**2 + 1. What is n(y)?
0
Let h be (-40)/56 + (-2)/7. Let r(g) = 15*g**2 + g. Calculate r(h).
14
Let s(k) be the second derivative of k**5/60 + k**4/4 - k**3/3 + 2*k**2 - 4*k. Let b(q) be the first derivative of s(q). Give b(-6).
-2
Let u(p) = -2*p**3 - p. Let c be ((-64)/(-10) - 5) + (-2)/5. Give u(c).
-3
Let w(m) be the third derivative of -1/3*m**3 - 1/60*m**5 - 1/12*m**4 - m**2 + 0*m + 0. Let y(h) = h**2 + h + 1. Let o(z) = 7*w(z) + 6*y(z). Calculate o(-6).
4
Let b(a) = -a**3 + 3*a**2 - a. Suppose s = -5*t - 14, 0*t = s + 3*t + 6. Let u be ((-12)/8)/((-3)/s). What is b(u)?
-3
Let u(r) = -2 - 2 - 4*r**2 - 5*r + r**3 + 7. Suppose n = -n - 16. Let w = 13 + n. What is u(w)?
3
Let m(a) be the second derivative of 1/4*a**4 + 2*a + 0 - 1/2*a**2 + 0*a**3 - 1/20*a**5. Let d(q) = q**2 + 6*q + 2. Let b be d(-6). Calculate m(b).
3
Let l(b) = -b**2 - 3*b + 1 + 2 - 1 + 0*b**2. Give l(-4).
-2
Let k(v) = 11*v - 1. Suppose 35 = s + 4*s. Let i = -8 + 3. Let o be (-4)/(-14) - i/s. What is k(o)?
10
Let y(d) be the third derivative of 1/15*d**6 + 0*d + 0*d**5 - 1/6*d**3 + 0 - 3*d**2 - 1/12*d**4. Let m = 1 - 2. Calculate y(m).
-7
Let t(g) = 7*g - 1. Let s(m) = 4*m. Suppose 5*x = -5 - 5. Let w = x - -7. Let b(l) = w*s(l) - 3*t(l). Calculate b(3).
0
Let k(q) = q + 2. Let u(x) = 1. Let w = 12 + -15. Suppose -4*t = -3*j + 25, -5*j = 4*t + 4 - 3. Let c(d) = j*k(d) + w*u(d). What is c(-2)?
-3
Let j(p) = 2*p**3 + 2*p**2 + 4*p + 2. Suppose -8*x - 27 = -11. What is j(x)?
-14
Let t = -18 + 12. Let k(z) = -3*z - 9. Calculate k(t).
9
Let q(x) = 3 - 3*x - 5 + 2*x. Let h = -161 + 156. Calculate q(h).
3
Suppose -4*d + 10 = 5*o - 27, 0 = -5*o + 25. Suppose -3 - d = 3*x. Let f(z) = -2*z**2 - z - 1. Calculate f(x).
-7
Let h(d) = -d**2 + 3*d + 1. Let w(c) = -c**2 + 4. Let r be w(3). Let q be (-2)/r - 115/(-25). Calculate h(q).
-9
Let u(l) be the second derivative of l**5/20 - l**3/6 + l**2/2 - 31*l. What is u(1)?
1
Let a(r) = -3*r**2 + 3*r - 1. Let n(z) = 3*z**2 - 4*z + 1. Let i(w) = 4*a(w) + 3*n(w). Suppose 13 = -5*q - 2*v, -2*v + 0*v - 12 = 4*q. What is i(q)?
-4
Suppose 4*q = -22 + 10. Let a(t) be the second derivative of 1/20*t**5 + 0 + 1/4*t**4 - t - 1/6*t**3 - 2*t**2. Calculate a(q).
-1
Let i = -70 + 70. Let a(u) = u. What is a(i)?
0
Let b = 4 - 12. Let d(m) = -18*m + 3. Let q(c) = -27*c + 5. Suppose 0*i = -2*i + 10. Let z(h) = b*d(h) + i*q(h). Calculate z(-1).
-8
Let f(t) = 4*t**3 - 2*t**2 + 1. Suppose d = 5 - 4. Let s be f(d). Let j(q) = -q**2 - 15*q + 3. Let k(w) = 7*w - 2. Let b(a) = -2*j(a) - 5*k(a). What is b(s)?
7
Let r(u) = -u - 2. Let v = -69 - -78. Give r(v).
-11
Let k(p) = p**2 + 8*p + 4. Let c be k(-8). Let o(g) = -g**2 + 2*g**2 - 18*g + 15*g - 2. Give o(c).
2
Let d(s) = -5*s + 10. Let y = -25 - -32. Calculate d(y).
-25
Let q(s) = -s + 1. Suppose 3*g + 4 = 5*g. Give q(g).
-1
Let t(p) = -p + 4. Let k(x) be the first derivative of x**3/3 + 9*x**2/2 - 14*x + 1. Let l(s) = -3*s + 2. Let i be l(4). Let f be k(i). Determine t(f).
8
Let a(u) be the first derivative of 9*u**4/4 + u**3/3 - u - 